inder when 5 is divided by v(-1)?
2
Suppose 5*t - 943 = 3*s, 3*s = -3*t - s + 560. Calculate the remainder when 47 is divided by t/16 + (-1)/(-4).
11
Let k = -17 - -24. Suppose -v + 7 - 2 = 0. Suppose 2*q - v*u = 8, 3*q - 12 = -5*u - 0*u. What is the remainder when k is divided by q?
3
Suppose 4*x + 38 = 2*m, -3*m - 2*x - 11 = -52. Let f be 164*(30/8)/3. What is the remainder when (f/m)/(2/6) is divided by 14?
13
Suppose 0 = 2*m - 4*b - 52, 2*m + 3*b = 19 + 19. Suppose 0*s - 5*h = -4*s + 315, 2*h - 95 = -s. What is the remainder when s is divided by m?
19
Let m(i) = i**3 - 9*i**2 - 8*i - 11. Let b be m(10). Suppose 3*g = 4*q + 11 + b, 2*g - 2 = -3*q. What is the remainder when 7 is divided by g?
3
Let s(c) = 29*c - 14. Let v be s(7). Calculate the remainder when (-2)/4 - v/(-6) is divided by 11.
9
Suppose -3*v - 51 = -2*r, 0 = 3*r + 5*v - 0*v - 48. Suppose r = 3*u + 9. Suppose u*w = 8 + 36. Calculate the remainder when 31 is divided by w.
9
Let s = 15 - 7. What is the remainder when 33/2*16/12 is divided by s?
6
Suppose 0 = 2*p - 3*q - 43 + 16, 5*q + 37 = 2*p. Let b(h) = 5*h - 1. Calculate the remainder when b(p) is divided by 16.
13
Suppose 4*l - 563 = -171. Calculate the remainder when l is divided by 25.
23
Suppose 3*u = -2*w - 2*u + 61, 5*w - 80 = 2*u. Calculate the remainder when w is divided by 11.
7
Suppose -2*r - 24 = -90. Calculate the remainder when 60 is divided by r.
27
Calculate the remainder when 29 is divided by (0 + (5 - 4))*11.
7
Suppose -3*u = -g + 2*u + 74, -3*g = -5*u - 212. Calculate the remainder when g is divided by 24.
21
Let s(y) = -y**2 + 5*y - 3. Let q be s(3). Suppose 4*b + q*t + t = 44, -19 = -3*b + 4*t. What is the remainder when 25 is divided by b?
7
Let x = -49 - -74. Suppose x = 8*n - 3*n. What is the remainder when n is divided by 3?
2
Let f = 5 - -4. Suppose -4*q + s + f = -6, 0 = 5*q - 3*s - 10. Suppose 2*a - 12 - 4 = 0. What is the remainder when a is divided by q?
3
Let w(n) = 32*n**2 - n. Let p be w(-1). Suppose 3*b - p = 18. What is the remainder when 2 - 2*(-93)/6 is divided by b?
16
Let j(g) = g**2 + 3*g + 4. Calculate the remainder when j(5) is divided by 16.
12
Suppose -3*u = -5*u + 14. Let x(k) = -k**3 - 7*k**2 - 5*k + 5. Let d be x(-6). What is the remainder when u is divided by d/(0 + (-4)/12)?
1
Let a = -2 + -1. Suppose 2*l + l = 66. Calculate the remainder when l is divided by 0 + a*(-2 + 0).
4
Suppose -2 = -2*m + 6. Suppose -x = 4, m*n = 5*x + 54 + 54. Suppose 5*w - 107 + n = 0. Calculate the remainder when 33 is divided by w.
16
Let i(l) = 20*l - 12. Let c(y) = -7*y + 4. Let q(m) = -17*c(m) - 6*i(m). Let k be q(2). Suppose 2*r + k*r = 64. What is the remainder when 47 is divided by r?
15
Suppose 21 + 19 = 4*o. Let t = -9 - -8. Let x = t + 39. Calculate the remainder when x is divided by o.
8
Suppose 0*c = -2*c + 2. What is the remainder when ((-112)/(-42))/(c/27) is divided by 25?
22
Suppose 0 = -2*k + 4*k - 3*a + 25, -3*k - 5*a = 9. Let c(n) be the first derivative of -7*n**2/2 - 4*n - 2. What is the remainder when c(k) is divided by 18?
16
Suppose -3*d + 4*q + 17 = 0, d - 3*q - 43 = -4*d. Suppose 0 = 5*p + 15 - 55. Let l = p + 23. What is the remainder when l is divided by d?
9
Let u = 27 + -20. Calculate the remainder when 19 is divided by u.
5
Suppose 0 = -3*h + 5*h - 28. Calculate the remainder when (4 + 36 - 1) + 0 is divided by h.
11
Suppose 5*h - h - 52 = 0. Suppose -17 - h = -2*k. Calculate the remainder when 44 is divided by k.
14
Let f = -43 + 61. Suppose -99 = 2*p - 5*p. What is the remainder when p is divided by f?
15
Let m = 28 - 22. What is the remainder when 7 is divided by m?
1
Suppose 0 = -3*a + 5*a - 80. Let u = -8 - -11. Let t(k) = k**3 - 2*k**2 + 2*k - 1. What is the remainder when a is divided by t(u)?
12
Suppose 0 = -3*f + l + 27, -4*f = 2*l - 2 - 24. What is the remainder when 18 is divided by f?
2
Suppose 0 = -3*c + g + 149, 0 = 4*c - g - 100 - 100. What is the remainder when c is divided by 14?
9
Let i(c) = c**2 + 9*c + 7. Let g(v) = 26*v**2 + v. Calculate the remainder when g(1) is divided by i(-9).
6
What is the remainder when -3*(-3)/(-3)*(-30 + 11) is divided by 15?
12
Let n(i) = i**2 - 4*i + 6. Let p = -9 - -22. Calculate the remainder when n(8) is divided by p.
12
Let o = -17 - -30. Let x = 18 + 18. Calculate the remainder when x is divided by o.
10
Suppose 80 = 2*j - 50. Suppose -j = -5*c - l + 4*l, -c = l - 13. Calculate the remainder when c is divided by 5.
3
Let n(g) = -3*g**3 + g - 2. Calculate the remainder when n(-3) is divided by 11.
10
Calculate the remainder when 118 is divided by 15/(-12)*(-27 - -3).
28
Suppose 3*p - u - 7 = 0, -3*p - 3*u = 2*u - 37. Suppose p*t - 44 = 108. What is the remainder when t is divided by (-11 + -2 + 3)*-2?
18
Let k = -8 - -8. Suppose k = 4*z - 5*c - 24, -18 = -3*z - c - 0*c. Calculate the remainder when 11 is divided by z.
5
Suppose -4*f = 3*c - 138, 0 = 4*c + 2*f - 0*f - 174. What is the remainder when c is divided by (-4)/18 + 9042/594?
12
Let j = 622 - 277. Suppose 4*f + r = 281, 5*f - 3*r - j = 2*r. What is the remainder when f is divided by 24?
22
Let h(b) = 13*b**3 + b. Let j = -11 - -12. Calculate the remainder when 39 is divided by h(j).
11
Suppose -w = -2*o + 2*w + 11, 3*o - 12 = 3*w. Calculate the remainder when 3 is divided by o.
0
Suppose -5*r - 358 = -7*r. What is the remainder when r is divided by 14?
11
Let d(m) = -m**2 + 9*m + 8. Let i = -15 + 23. Calculate the remainder when d(7) is divided by i.
6
Let b(n) = -n**3 + 6*n**2 + 9*n - 8. Suppose 5*z - 3*z - 2*x = 4, 14 = 3*z + x. Suppose -z*r + 33 + 3 = 0. What is the remainder when r is divided by b(7)?
3
Suppose 13 = l - 2*y, 0 = l - 5*l + 3*y + 47. Let j be (-309)/15 - 2/5. Let p = j - -41. What is the remainder when p is divided by l?
9
Let v = 3 + 18. Calculate the remainder when v is divided by 6.
3
Suppose -t = 3, -4*j - 12 = -3*t - 333. What is the remainder when j is divided by 20?
18
Suppose -4 = 3*w - 1. Calculate the remainder when 28 is divided by -20*(w - (-2)/8).
13
Let m(s) = -s**2 + 3*s - 1. Let k be 2 - -8 - (-4)/(-2). Suppose -r + 5*r = k. What is the remainder when r is divided by m(2)?
0
Let h(i) = i**2 - 3*i - 2. Suppose -p + 0*p = -15. What is the remainder when p is divided by h(-2)?
7
Let y(u) = 3*u**2 + 2*u + 4. What is the remainder when y(-3) is divided by 10?
5
Suppose 2*q - 8 + 2 = 0. Let r(f) = f**q - 4 - 4 - 5*f**2 - 8*f + 10*f**2. What is the remainder when 11 is divided by r(-6)?
3
Suppose -16*u + 25*u = 90. Calculate the remainder when u is divided by 5.
0
Let h(l) = 9*l - 1. Suppose 4 = 4*d - 0*d. Let k = d - -1. Calculate the remainder when h(k) is divided by 6.
5
Let z(a) be the second derivative of -a**5/20 + a**3/6 - a**2 + a. Calculate the remainder when 7 is divided by z(-2).
3
Let p = -1 - -9. What is the remainder when 1 + -1 + (13 - -1) is divided by p?
6
Let j(g) = g - 8. Let d be j(6). Let z be 5 - (3 + -1 + d). Suppose -4*o = z*c - 17, -2*o = 3*c - c - 6. What is the remainder when c is divided by 2?
1
Let p be (-1*1)/(3/9). Suppose 5*h + 3*i = -44, -5*h + 2*h = -3*i + 12. Let r = p - h. What is the remainder when 7 is divided by r?
3
Let s be ((-3)/(-2))/(6/64). What is the remainder when 53 is divided by ((-12)/s)/(1/(-36))?
26
Let s = 17 + -11. What is the remainder when 11 is divided by s?
5
Let u = 37 - 29. What is the remainder when u is divided by 3?
2
Let i = -65 - -102. Suppose 4*l = i + 39. What is the remainder when l is divided by 7?
5
Let p(y) = y**2 - 5*y - 7. Let x be p(5). Let z = x + 21. Let l(b) = 7*b - 1. Calculate the remainder when l(6) is divided by z.
13
Let w = -7 + 11. Calculate the remainder when 10 is divided by w.
2
Let j(z) = z - 5. Let o be j(7). Calculate the remainder when 2 - o - (-17 + 2) is divided by 8.
7
Suppose 5*c + 85 = 5*v, -4*c + 0*v = v + 88. Calculate the remainder when 32 is divided by (-217)/c + (-2)/(-3).
10
Suppose 0*r + 24 = o + r, 3*o + r - 76 = 0. Calculate the remainder when o is divided by 9.
8
Let z be (1*6 + 1)*-1. Let y be ((-48)/(-56))/((-1)/z). Suppose -40 + y = -k. Calculate the remainder when k is divided by 12.
10
Suppose 26 = 4*j + 2. Suppose -a + 6 + j = 0. What is the remainder when 35 is divided by a?
11
Let z(a) = a + 26. Calculate the remain